t is the highest common factor of 282 and 1553961?
141
Calculate the greatest common divisor of 36 and 72180.
36
What is the highest common divisor of 1212 and 76962?
606
Calculate the greatest common factor of 760595 and 11.
11
What is the highest common factor of 33 and 45386?
11
Calculate the highest common factor of 801345 and 246.
123
Calculate the greatest common divisor of 18571 and 147.
49
Calculate the highest common factor of 425 and 110840.
85
Calculate the highest common divisor of 1987970 and 5.
5
What is the highest common divisor of 15196 and 232?
116
What is the greatest common divisor of 184303 and 4427?
233
What is the highest common divisor of 7 and 112469?
7
What is the greatest common divisor of 3239 and 14391?
41
What is the greatest common divisor of 182 and 63154?
182
Calculate the highest common factor of 15184 and 31317.
949
Calculate the greatest common factor of 325 and 6227.
13
Calculate the greatest common divisor of 116629 and 12552.
523
What is the highest common factor of 459 and 25083?
27
Calculate the highest common factor of 2050 and 4.
2
Calculate the highest common factor of 530238 and 150.
6
Calculate the greatest common divisor of 567 and 3162.
3
What is the greatest common factor of 219907 and 232?
29
What is the greatest common divisor of 286429 and 286?
143
Calculate the greatest common divisor of 5907 and 275.
11
Calculate the highest common divisor of 71 and 447371.
71
Calculate the greatest common factor of 23550 and 8007.
471
Calculate the highest common divisor of 492 and 31324.
164
Calculate the greatest common divisor of 4383072 and 38.
38
Calculate the greatest common divisor of 18 and 223938.
18
Calculate the highest common divisor of 221 and 8892377.
221
Calculate the greatest common divisor of 114 and 400.
2
What is the highest common divisor of 312 and 202839?
39
Calculate the highest common factor of 4862 and 4250.
34
Calculate the greatest common factor of 2520 and 142254.
126
Calculate the highest common factor of 3794 and 15008.
14
Calculate the highest common factor of 1529 and 12093.
139
Calculate the highest common factor of 15228 and 3948.
564
Calculate the greatest common factor of 4146 and 1506.
6
What is the greatest common factor of 126 and 33264?
126
Calculate the highest common factor of 7050 and 6150.
150
What is the highest common factor of 4020 and 1020?
60
What is the greatest common divisor of 25144 and 2506?
14
Calculate the highest common divisor of 95227 and 11805.
787
What is the highest common divisor of 2177 and 2471?
7
Calculate the greatest common factor of 395532 and 54.
18
Calculate the highest common factor of 117205 and 1595.
55
Calculate the greatest common divisor of 124 and 5026588.
124
What is the greatest common factor of 5627997 and 9?
9
Calculate the greatest common divisor of 85981 and 266420.
1211
What is the greatest common divisor of 2278 and 2567?
17
Calculate the highest common factor of 901 and 1032970.
53
What is the highest common divisor of 6752 and 5536?
32
Calculate the highest common divisor of 2245 and 30.
5
Calculate the highest common factor of 486705 and 2130.
1065
Calculate the highest common divisor of 22606 and 16.
2
What is the greatest common factor of 6142 and 666?
74
What is the greatest common divisor of 1849 and 5504?
43
Calculate the highest common factor of 744395 and 115.
115
Calculate the highest common divisor of 6420 and 9285.
15
What is the greatest common factor of 5986 and 2296?
82
Calculate the greatest common divisor of 4686 and 7986.
66
What is the greatest common factor of 433096 and 24?
8
What is the greatest common divisor of 780 and 43080?
60
What is the greatest common factor of 464 and 2256896?
464
Calculate the greatest common factor of 160 and 60240.
80
What is the highest common divisor of 7209 and 4539?
267
Calculate the highest common divisor of 1548 and 38356.
172
Calculate the greatest common factor of 329 and 150185.
7
Calculate the highest common factor of 1437 and 144.
3
Calculate the greatest common factor of 18 and 14355.
9
What is the highest common divisor of 31213 and 13?
13
What is the highest common divisor of 21186 and 363?
33
What is the greatest common factor of 5223 and 150?
3
Calculate the highest common factor of 171 and 361.
19
What is the highest common divisor of 14466 and 114?
6
Calculate the highest common divisor of 192 and 821456.
16
What is the greatest common factor of 71427 and 87?
87
Calculate the greatest common factor of 232 and 68353.
29
What is the greatest common factor of 209605 and 44?
11
What is the greatest common divisor of 2828 and 197556?
404
Calculate the highest common factor of 54619 and 7924.
283
Calculate the greatest common divisor of 365 and 433547.
73
Calculate the greatest common factor of 65 and 466453.
13
What is the highest common factor of 750 and 10607250?
750
Calculate the greatest common factor of 36 and 105489.
9
Calculate the greatest common factor of 310 and 3696285.
155
What is the greatest common factor of 44190 and 216?
18
What is the greatest common divisor of 40282 and 22?
22
What is the greatest common divisor of 60 and 9380?
20
What is the greatest common factor of 370 and 132793?
37
Calculate the highest common factor of 49 and 41797.
49
Calculate the greatest common divisor of 322 and 373382.
46
What is the greatest common divisor of 30225 and 413400?
975
Calculate the highest common divisor of 68174 and 178.
178
Calculate the highest common factor of 61 and 87.
1
Calculate the greatest common divisor of 496757 and 17.
17
What is the greatest common divisor of 253 and 9539112?
253
What is the highest common divisor of 276 and 898173?
69
What is the highest common divisor of 1750 and 439750?
250
What is the highest common factor of 326280 and 240?
120
Calculate the greatest common factor of 29267 and 1036.
259
What is the greatest common factor of 249 and 33?
3
What is the greatest common divisor of 52900 and 100?
100
What is the greatest common factor of 23 and 1417283?
23
What is the highest common factor of 152460 and 88?
44
Calculate the highest common factor of 13 and 2000440.
13
What is the greatest common factor of 7380 and 24805?
205
What is the highest common factor of 420 and 50470?
70
Calculate the highest common factor of 315 and 162315.
45
What is the highest common divisor of 724 and 280?
4
What is the highest common divisor of 437 and 670864?
23
What is the highest common divisor of 638 and 22127?
29
What is the highest common factor of 55877 and 4402?
71
Calculate the highest common divisor of 23480 and 88.
8
Calculate the greatest common factor of 323 and 9452.
17
What is the greatest common factor of 68045 and 20?
5
What is the highest common factor of 709 and 186467?
709
Calculate the greatest common divisor of 11 and 106271.
11
Calculate the greatest common factor of 1203147 and 594.
297
Calculate the greatest common divisor of 19190 and 292900.
1010
Calculate the greatest common factor of 232019 and 2788.
41
What is the greatest common factor of 162 and 74457?
9
Calculate the greatest common divisor of 34472 and 26102.
62
What is the greatest common divisor of 465 and 65?
5
Calculate the greatest common factor of 2592 and 702.
54
Calculate the greatest common factor of 37430 and 394.
394
Calculate the greatest common factor of 14848000 and 1450.
1450
What is the highest common divisor of 448 and 145614?
14
Calculate the greatest common divisor of 1393366 and 26.
26
What is the highest common divisor of 50470 and 6592?
206
What is the highest common divisor of 72 and 92754?
18
What is the highest common divisor of 5390 and 10752?
14
What is the greatest common factor of 5 and 836160?
5
Calculate the greatest common factor of 5145 and 5055.
15
What is the greatest common factor of 128 and 1436?
4
What is the greatest common divisor of 96 and 264444?
12
Calculate the highest common factor of 297 and 8855.
11
Calculate the highest common factor of 4943224 and 5960.
1192
What is the highest common factor of 878 and 21511?
439
Calculate the greatest common factor of 345 and 431687.
23
Calculate the greatest common divisor of 80132 and 3900.
52
What is the greatest common divisor of 266249 and 58?
29
What is the greate